{"id":76,"date":"2021-10-28T13:54:59","date_gmt":"2021-10-28T13:54:59","guid":{"rendered":"https:\/\/www.ixohost.uy\/autonomias\/?page_id=76"},"modified":"2023-12-06T23:36:16","modified_gmt":"2023-12-06T23:36:16","slug":"violencia-economica","status":"publish","type":"page","link":"https:\/\/ongelpaso.org.uy\/autonomias\/temas-y-dimensiones\/violencia-economica\/","title":{"rendered":"Violencia econ\u00f3mica"},"content":{"rendered":"<button id=\"listenButton4\" class=\"responsivevoice-button\" type=\"button\" value=\"Play\" title=\"ResponsiveVoice Tap to Start\/Stop Speech\"><span>&#128266; Escuchar<\/span><\/button>\n        <script>\n            listenButton4.onclick = function(){\n                if(responsiveVoice.isPlaying()){\n                    responsiveVoice.cancel();\n                }else{\n                    responsiveVoice.speak(\"VIOLENCIA ECON\u00d3MICA Conducta dirigida a limitar, controlar o impedir ingresos econ\u00f3micos de una mujer, incluso el no pago contumaz de las obligaciones alimentarias, con el fin de menoscabar su autonom\u00eda(Ley 19.580) Acced\u00e9 aqu\u00ed a la normativa internacional \/ nacional Archivos de Violencia econ\u00f3mica\", \"Spanish Latin American Female\");\n                }\n            };\n        <\/script>\n    \n<h1 class=\"wp-block-heading h2minusculas has-text-color\" style=\"color:#432563;font-size:70px;font-style:normal;font-weight:800;text-transform:uppercase\">VIOLENCIA ECON\u00d3MICA <\/h1>\n\n\n\n<div class=\"wp-block-columns is-layout-flex wp-container-core-columns-is-layout-28f84493 wp-block-columns-is-layout-flex\">\n<div class=\"wp-block-column is-layout-flow wp-block-column-is-layout-flow\" style=\"flex-basis:33%\">\n<figure class=\"wp-block-image size-full is-resized\"><img loading=\"lazy\" decoding=\"async\" width=\"500\" height=\"500\" src=\"https:\/\/ongelpaso.org.uy\/autonomias\/wp-content\/uploads\/2023\/12\/violencia-economica-removebg-preview.png\" alt=\"\" class=\"wp-image-2434\" style=\"width:116px;height:auto\" srcset=\"https:\/\/ongelpaso.org.uy\/autonomias\/wp-content\/uploads\/2023\/12\/violencia-economica-removebg-preview.png 500w, https:\/\/ongelpaso.org.uy\/autonomias\/wp-content\/uploads\/2023\/12\/violencia-economica-removebg-preview-300x300.png 300w, https:\/\/ongelpaso.org.uy\/autonomias\/wp-content\/uploads\/2023\/12\/violencia-economica-removebg-preview-150x150.png 150w\" sizes=\"auto, (max-width: 500px) 100vw, 500px\" \/><\/figure>\n<\/div>\n\n\n\n<div class=\"wp-block-column has-background is-layout-flow wp-block-column-is-layout-flow\" style=\"background-color:#1aab878c;flex-basis:85%\">\n<p class=\"h2minusculas has-text-color\" style=\"color:#311c48;font-size:31px;letter-spacing:0.5px\"><strong>Conducta dirigida a limitar, controlar o impedir ingresos econ\u00f3micos de una mujer, incluso el no pago contumaz de las obligaciones alimentarias, con el fin de menoscabar su autonom\u00eda<\/strong>(Ley 19.580)<\/p>\n<\/div>\n<\/div>\n\n\n\n<hr class=\"wp-block-separator has-css-opacity is-style-wide\"\/>\n\n\n\n<div class=\"wp-block-buttons alignfull is-layout-flex wp-block-buttons-is-layout-flex\">\n<div class=\"wp-block-button has-custom-width wp-block-button__width-100\"><a class=\"wp-block-button__link wp-element-button\" href=\"https:\/\/ongelpaso.org.uy\/autonomias\/legislacion\/\">Acced\u00e9 aqu\u00ed a la normativa internacional \/ nacional<\/a><\/div>\n<\/div>\n\n\n\n<div style=\"height:10px\" aria-hidden=\"true\" class=\"wp-block-spacer\"><\/div>\n\n\n\n<div class=\"wp-block-group alignwide\"><div class=\"wp-block-group__inner-container is-layout-flow wp-block-group-is-layout-flow\">\n<div class=\"wp-block-columns is-layout-flex wp-container-core-columns-is-layout-28f84493 wp-block-columns-is-layout-flex\">\n<div class=\"wp-block-column is-vertically-aligned-center is-layout-flow wp-block-column-is-layout-flow\" style=\"flex-basis:100%\"><\/div>\n<\/div>\n<\/div><\/div>\n\n\n\n<div style=\"height:30px\" aria-hidden=\"true\" class=\"wp-block-spacer\"><\/div>\n\n\n\n<div class=\"wp-block-cover alignfull\"><span aria-hidden=\"true\" class=\"wp-block-cover__background has-background-dim-100 has-background-dim\" style=\"background-color:#432563\"><\/span><div class=\"wp-block-cover__inner-container is-layout-flow wp-block-cover-is-layout-flow\">\n<h2 class=\"wp-block-heading has-white-color has-text-color\">Archivos de Violencia econ\u00f3mica<\/h2>\n\n\n<ul class=\"wp-block-latest-posts__list is-grid columns-2 wp-block-latest-posts\"><li><div class=\"wp-block-latest-posts__featured-image alignleft\"><a href=\"https:\/\/ongelpaso.org.uy\/autonomias\/inscripciones-abiertas-para-el-seminario-de-la-impunidad-a-la-autonomia-estrategias\/\" aria-label=\"INSCRIPCIONES ABIERTAS PARA EL SEMINARIO \u00abDE LA IMPUNIDAD A LA AUTONOM\u00cdA\u00bb, ESTRATEGIAS Y ACCIONES PARA DEFENDER UNA VIDA LIBRE DE VIOLENCIA DE G\u00c9NERO\"><img loading=\"lazy\" decoding=\"async\" width=\"150\" height=\"150\" src=\"https:\/\/ongelpaso.org.uy\/autonomias\/wp-content\/uploads\/2024\/03\/Seminario_2024-1-150x150.png\" class=\"attachment-thumbnail size-thumbnail wp-post-image\" alt=\"\" style=\"max-width:150px;max-height:150px;\" srcset=\"https:\/\/ongelpaso.org.uy\/autonomias\/wp-content\/uploads\/2024\/03\/Seminario_2024-1-150x150.png 150w, https:\/\/ongelpaso.org.uy\/autonomias\/wp-content\/uploads\/2024\/03\/Seminario_2024-1-300x300.png 300w, https:\/\/ongelpaso.org.uy\/autonomias\/wp-content\/uploads\/2024\/03\/Seminario_2024-1-1024x1024.png 1024w, https:\/\/ongelpaso.org.uy\/autonomias\/wp-content\/uploads\/2024\/03\/Seminario_2024-1-768x768.png 768w, https:\/\/ongelpaso.org.uy\/autonomias\/wp-content\/uploads\/2024\/03\/Seminario_2024-1.png 1080w\" sizes=\"auto, (max-width: 150px) 100vw, 150px\" \/><\/a><\/div><a class=\"wp-block-latest-posts__post-title\" href=\"https:\/\/ongelpaso.org.uy\/autonomias\/inscripciones-abiertas-para-el-seminario-de-la-impunidad-a-la-autonomia-estrategias\/\">INSCRIPCIONES ABIERTAS PARA EL SEMINARIO \u00abDE LA IMPUNIDAD A LA AUTONOM\u00cdA\u00bb, ESTRATEGIAS Y ACCIONES PARA DEFENDER UNA VIDA LIBRE DE VIOLENCIA DE G\u00c9NERO<\/a><div class=\"wp-block-latest-posts__post-excerpt\">&#128266; Escuchar El Proyecto Autonom\u00edas Colectivas ha desarrollado distintas actividades y estudios sobre diversas violencias basadas en g\u00e9nero. Como cierre del proyecto, nos proponemos generar un espacio de debate abierto y p\u00fablico para construir herramientas y caminos posibles hacia la autonom\u00eda plena de las mujeres. El Seminario cumple con los objetivos de: Este es&#8230; <a class=\"wp-block-latest-posts__read-more\" href=\"https:\/\/ongelpaso.org.uy\/autonomias\/inscripciones-abiertas-para-el-seminario-de-la-impunidad-a-la-autonomia-estrategias\/\" rel=\"noopener noreferrer\">Lee m\u00e1s<span class=\"screen-reader-text\">: INSCRIPCIONES ABIERTAS PARA EL SEMINARIO \u00abDE LA IMPUNIDAD A LA AUTONOM\u00cdA\u00bb, ESTRATEGIAS Y ACCIONES PARA DEFENDER UNA VIDA LIBRE DE VIOLENCIA DE G\u00c9NERO<\/span><\/a><\/div><\/li>\n<li><a class=\"wp-block-latest-posts__post-title\" href=\"https:\/\/ongelpaso.org.uy\/autonomias\/la-sociedad-civil-presento-la-situacion-de-uruguay-ante-el-examen-periodico-universal-de-naciones-unidas\/\">LA SOCIEDAD CIVIL PRESENT\u00d3 LA SITUACI\u00d3N DE URUGUAY ANTE EL EXAMEN PERI\u00d3DICO UNIVERSAL DE NACIONES UNIDAS<\/a><div class=\"wp-block-latest-posts__post-excerpt\">&#128266; Escuchar El viernes 16 de febrero fueron presentados en Ginebra los informes alternativos enviados por la sociedad civil para el Examen Peri\u00f3dico Universal, que revisar\u00e1 la situaci\u00f3n del Estado uruguayo en mayo de 2024. Descarg\u00e1 aqu\u00ed el informe presentado por El Paso y la RUCVDS, con apoyo del Proyecto Autonom\u00edas Colectivas. El Examen&#8230; <a class=\"wp-block-latest-posts__read-more\" href=\"https:\/\/ongelpaso.org.uy\/autonomias\/la-sociedad-civil-presento-la-situacion-de-uruguay-ante-el-examen-periodico-universal-de-naciones-unidas\/\" rel=\"noopener noreferrer\">Lee m\u00e1s<span class=\"screen-reader-text\">: LA SOCIEDAD CIVIL PRESENT\u00d3 LA SITUACI\u00d3N DE URUGUAY ANTE EL EXAMEN PERI\u00d3DICO UNIVERSAL DE NACIONES UNIDAS<\/span><\/a><\/div><\/li>\n<li><div class=\"wp-block-latest-posts__featured-image alignleft\"><a href=\"https:\/\/ongelpaso.org.uy\/autonomias\/boletin-informativo-sobre-procedimientos-y-derechos-a-la-hora-de-realizar-denuncias-de-violencia-basada-en-genero\/\" aria-label=\"Bolet\u00edn informativo sobre Procedimientos y derechos a la hora de realizar denuncias de Violencia Basada en G\u00e9nero\"><img loading=\"lazy\" decoding=\"async\" width=\"150\" height=\"150\" src=\"https:\/\/ongelpaso.org.uy\/autonomias\/wp-content\/uploads\/2021\/11\/procedimientoss-150x150.png\" class=\"attachment-thumbnail size-thumbnail wp-post-image\" alt=\"\" style=\"max-width:150px;max-height:150px;\" \/><\/a><\/div><a class=\"wp-block-latest-posts__post-title\" href=\"https:\/\/ongelpaso.org.uy\/autonomias\/boletin-informativo-sobre-procedimientos-y-derechos-a-la-hora-de-realizar-denuncias-de-violencia-basada-en-genero\/\">Bolet\u00edn informativo sobre Procedimientos y derechos a la hora de realizar denuncias de Violencia Basada en G\u00e9nero<\/a><div class=\"wp-block-latest-posts__post-excerpt\">&#128266; Escuchar Presentamos el siguiente bolet\u00edn informativo para acceder a una cartilla que informa sobre derechos, garant\u00edas y procedimientos legales a la hora de realizar una denuncia de Violencia Basada en G\u00e9nero. Tanto la ley n\u00b019.580 como el C\u00f3digo del Proceso Penal (ley n\u00b019.293) establecen procedimientos, derechos y garant\u00edas de la v\u00edctima a la&#8230; <a class=\"wp-block-latest-posts__read-more\" href=\"https:\/\/ongelpaso.org.uy\/autonomias\/boletin-informativo-sobre-procedimientos-y-derechos-a-la-hora-de-realizar-denuncias-de-violencia-basada-en-genero\/\" rel=\"noopener noreferrer\">Lee m\u00e1s<span class=\"screen-reader-text\">: Bolet\u00edn informativo sobre Procedimientos y derechos a la hora de realizar denuncias de Violencia Basada en G\u00e9nero<\/span><\/a><\/div><\/li>\n<\/ul><\/div><\/div>\n\n\n\n<p> <\/p>\n","protected":false},"excerpt":{"rendered":"<p>&#128266; Escuchar VIOLENCIA ECON\u00d3MICA Conducta dirigida a limitar, controlar o impedir ingresos econ\u00f3micos de una mujer, incluso el no pago contumaz de las obligaciones alimentarias, con el fin de menoscabar su autonom\u00eda(Ley 19.580)<\/p>\n","protected":false},"author":1,"featured_media":0,"parent":60,"menu_order":8,"comment_status":"closed","ping_status":"closed","template":"","meta":{"footnotes":""},"class_list":["post-76","page","type-page","status-publish","hentry"],"_links":{"self":[{"href":"https:\/\/ongelpaso.org.uy\/autonomias\/wp-json\/wp\/v2\/pages\/76","targetHints":{"allow":["GET"]}}],"collection":[{"href":"https:\/\/ongelpaso.org.uy\/autonomias\/wp-json\/wp\/v2\/pages"}],"about":[{"href":"https:\/\/ongelpaso.org.uy\/autonomias\/wp-json\/wp\/v2\/types\/page"}],"author":[{"embeddable":true,"href":"https:\/\/ongelpaso.org.uy\/autonomias\/wp-json\/wp\/v2\/users\/1"}],"replies":[{"embeddable":true,"href":"https:\/\/ongelpaso.org.uy\/autonomias\/wp-json\/wp\/v2\/comments?post=76"}],"version-history":[{"count":10,"href":"https:\/\/ongelpaso.org.uy\/autonomias\/wp-json\/wp\/v2\/pages\/76\/revisions"}],"predecessor-version":[{"id":2435,"href":"https:\/\/ongelpaso.org.uy\/autonomias\/wp-json\/wp\/v2\/pages\/76\/revisions\/2435"}],"up":[{"embeddable":true,"href":"https:\/\/ongelpaso.org.uy\/autonomias\/wp-json\/wp\/v2\/pages\/60"}],"wp:attachment":[{"href":"https:\/\/ongelpaso.org.uy\/autonomias\/wp-json\/wp\/v2\/media?parent=76"}],"curies":[{"name":"wp","href":"https:\/\/api.w.org\/{rel}","templated":true}]}}

Violencia económica

<button id="listenButton4" class="responsivevoice-button" type="button" value="Play" title="ResponsiveVoice Tap to Start/Stop Speech"><span>&#128266; Escuchar</span></button>
        <script>
            listenButton4.onclick = function(){
                if(responsiveVoice.isPlaying()){
                    responsiveVoice.cancel();
                }else{
                    responsiveVoice.speak("VIOLENCIA ECONÓMICA Conducta dirigida a limitar, controlar o impedir ingresos económicos de una mujer, incluso el no pago contumaz de las obligaciones alimentarias, con el fin de menoscabar su autonomía(Ley 19.580) Accedé aquí a la normativa internacional / nacional Archivos de Violencia económica", "Spanish Latin American Female");
                }
            };
        </script>
    
<h1 class="wp-block-heading h2minusculas has-text-color" style="color:#432563;font-size:70px;font-style:normal;font-weight:800;text-transform:uppercase">VIOLENCIA ECONÓMICA </h1>



<div class="wp-block-columns is-layout-flex wp-container-core-columns-is-layout-28f84493 wp-block-columns-is-layout-flex">
<div class="wp-block-column is-layout-flow wp-block-column-is-layout-flow" style="flex-basis:33%">
<figure class="wp-block-image size-full is-resized"><img loading="lazy" decoding="async" width="500" height="500" src="https://ongelpaso.org.uy/autonomias/wp-content/uploads/2023/12/violencia-economica-removebg-preview.png" alt="" class="wp-image-2434" style="width:116px;height:auto" srcset="https://ongelpaso.org.uy/autonomias/wp-content/uploads/2023/12/violencia-economica-removebg-preview.png 500w, https://ongelpaso.org.uy/autonomias/wp-content/uploads/2023/12/violencia-economica-removebg-preview-300x300.png 300w, https://ongelpaso.org.uy/autonomias/wp-content/uploads/2023/12/violencia-economica-removebg-preview-150x150.png 150w" sizes="auto, (max-width: 500px) 100vw, 500px" /></figure>
</div>



<div class="wp-block-column has-background is-layout-flow wp-block-column-is-layout-flow" style="background-color:#1aab878c;flex-basis:85%">
<p class="h2minusculas has-text-color" style="color:#311c48;font-size:31px;letter-spacing:0.5px"><strong>Conducta dirigida a limitar, controlar o impedir ingresos económicos de una mujer, incluso el no pago contumaz de las obligaciones alimentarias, con el fin de menoscabar su autonomía</strong>(Ley 19.580)</p>
</div>
</div>



<hr class="wp-block-separator has-css-opacity is-style-wide"/>



<div class="wp-block-buttons alignfull is-layout-flex wp-block-buttons-is-layout-flex">
<div class="wp-block-button has-custom-width wp-block-button__width-100"><a class="wp-block-button__link wp-element-button" href="https://ongelpaso.org.uy/autonomias/legislacion/">Accedé aquí a la normativa internacional / nacional</a></div>
</div>



<div style="height:10px" aria-hidden="true" class="wp-block-spacer"></div>



<div class="wp-block-group alignwide"><div class="wp-block-group__inner-container is-layout-flow wp-block-group-is-layout-flow">
<div class="wp-block-columns is-layout-flex wp-container-core-columns-is-layout-28f84493 wp-block-columns-is-layout-flex">
<div class="wp-block-column is-vertically-aligned-center is-layout-flow wp-block-column-is-layout-flow" style="flex-basis:100%"></div>
</div>
</div></div>



<div style="height:30px" aria-hidden="true" class="wp-block-spacer"></div>



<div class="wp-block-cover alignfull"><span aria-hidden="true" class="wp-block-cover__background has-background-dim-100 has-background-dim" style="background-color:#432563"></span><div class="wp-block-cover__inner-container is-layout-flow wp-block-cover-is-layout-flow">
<h2 class="wp-block-heading has-white-color has-text-color">Archivos de Violencia económica</h2>


<ul class="wp-block-latest-posts__list is-grid columns-2 wp-block-latest-posts"><li><div class="wp-block-latest-posts__featured-image alignleft"><a href="https://ongelpaso.org.uy/autonomias/inscripciones-abiertas-para-el-seminario-de-la-impunidad-a-la-autonomia-estrategias/" aria-label="INSCRIPCIONES ABIERTAS PARA EL SEMINARIO «DE LA IMPUNIDAD A LA AUTONOMÍA», ESTRATEGIAS Y ACCIONES PARA DEFENDER UNA VIDA LIBRE DE VIOLENCIA DE GÉNERO"><img loading="lazy" decoding="async" width="150" height="150" src="https://ongelpaso.org.uy/autonomias/wp-content/uploads/2024/03/Seminario_2024-1-150x150.png" class="attachment-thumbnail size-thumbnail wp-post-image" alt="" style="max-width:150px;max-height:150px;" srcset="https://ongelpaso.org.uy/autonomias/wp-content/uploads/2024/03/Seminario_2024-1-150x150.png 150w, https://ongelpaso.org.uy/autonomias/wp-content/uploads/2024/03/Seminario_2024-1-300x300.png 300w, https://ongelpaso.org.uy/autonomias/wp-content/uploads/2024/03/Seminario_2024-1-1024x1024.png 1024w, https://ongelpaso.org.uy/autonomias/wp-content/uploads/2024/03/Seminario_2024-1-768x768.png 768w, https://ongelpaso.org.uy/autonomias/wp-content/uploads/2024/03/Seminario_2024-1.png 1080w" sizes="auto, (max-width: 150px) 100vw, 150px" /></a></div><a class="wp-block-latest-posts__post-title" href="https://ongelpaso.org.uy/autonomias/inscripciones-abiertas-para-el-seminario-de-la-impunidad-a-la-autonomia-estrategias/">INSCRIPCIONES ABIERTAS PARA EL SEMINARIO «DE LA IMPUNIDAD A LA AUTONOMÍA», ESTRATEGIAS Y ACCIONES PARA DEFENDER UNA VIDA LIBRE DE VIOLENCIA DE GÉNERO</a><div class="wp-block-latest-posts__post-excerpt">&#128266; Escuchar El Proyecto Autonomías Colectivas ha desarrollado distintas actividades y estudios sobre diversas violencias basadas en género. Como cierre del proyecto, nos proponemos generar un espacio de debate abierto y público para construir herramientas y caminos posibles hacia la autonomía plena de las mujeres. El Seminario cumple con los objetivos de: Este es&#8230; <a class="wp-block-latest-posts__read-more" href="https://ongelpaso.org.uy/autonomias/inscripciones-abiertas-para-el-seminario-de-la-impunidad-a-la-autonomia-estrategias/" rel="noopener noreferrer">Lee más<span class="screen-reader-text">: INSCRIPCIONES ABIERTAS PARA EL SEMINARIO «DE LA IMPUNIDAD A LA AUTONOMÍA», ESTRATEGIAS Y ACCIONES PARA DEFENDER UNA VIDA LIBRE DE VIOLENCIA DE GÉNERO</span></a></div></li>
<li><a class="wp-block-latest-posts__post-title" href="https://ongelpaso.org.uy/autonomias/la-sociedad-civil-presento-la-situacion-de-uruguay-ante-el-examen-periodico-universal-de-naciones-unidas/">LA SOCIEDAD CIVIL PRESENTÓ LA SITUACIÓN DE URUGUAY ANTE EL EXAMEN PERIÓDICO UNIVERSAL DE NACIONES UNIDAS</a><div class="wp-block-latest-posts__post-excerpt">&#128266; Escuchar El viernes 16 de febrero fueron presentados en Ginebra los informes alternativos enviados por la sociedad civil para el Examen Periódico Universal, que revisará la situación del Estado uruguayo en mayo de 2024. Descargá aquí el informe presentado por El Paso y la RUCVDS, con apoyo del Proyecto Autonomías Colectivas. El Examen&#8230; <a class="wp-block-latest-posts__read-more" href="https://ongelpaso.org.uy/autonomias/la-sociedad-civil-presento-la-situacion-de-uruguay-ante-el-examen-periodico-universal-de-naciones-unidas/" rel="noopener noreferrer">Lee más<span class="screen-reader-text">: LA SOCIEDAD CIVIL PRESENTÓ LA SITUACIÓN DE URUGUAY ANTE EL EXAMEN PERIÓDICO UNIVERSAL DE NACIONES UNIDAS</span></a></div></li>
<li><div class="wp-block-latest-posts__featured-image alignleft"><a href="https://ongelpaso.org.uy/autonomias/boletin-informativo-sobre-procedimientos-y-derechos-a-la-hora-de-realizar-denuncias-de-violencia-basada-en-genero/" aria-label="Boletín informativo sobre Procedimientos y derechos a la hora de realizar denuncias de Violencia Basada en Género"><img loading="lazy" decoding="async" width="150" height="150" src="https://ongelpaso.org.uy/autonomias/wp-content/uploads/2021/11/procedimientoss-150x150.png" class="attachment-thumbnail size-thumbnail wp-post-image" alt="" style="max-width:150px;max-height:150px;" /></a></div><a class="wp-block-latest-posts__post-title" href="https://ongelpaso.org.uy/autonomias/boletin-informativo-sobre-procedimientos-y-derechos-a-la-hora-de-realizar-denuncias-de-violencia-basada-en-genero/">Boletín informativo sobre Procedimientos y derechos a la hora de realizar denuncias de Violencia Basada en Género</a><div class="wp-block-latest-posts__post-excerpt">&#128266; Escuchar Presentamos el siguiente boletín informativo para acceder a una cartilla que informa sobre derechos, garantías y procedimientos legales a la hora de realizar una denuncia de Violencia Basada en Género. Tanto la ley n°19.580 como el Código del Proceso Penal (ley n°19.293) establecen procedimientos, derechos y garantías de la víctima a la&#8230; <a class="wp-block-latest-posts__read-more" href="https://ongelpaso.org.uy/autonomias/boletin-informativo-sobre-procedimientos-y-derechos-a-la-hora-de-realizar-denuncias-de-violencia-basada-en-genero/" rel="noopener noreferrer">Lee más<span class="screen-reader-text">: Boletín informativo sobre Procedimientos y derechos a la hora de realizar denuncias de Violencia Basada en Género</span></a></div></li>
</ul></div></div>



<p> </p>

<p>&#128266; Escuchar VIOLENCIA ECONÓMICA Conducta dirigida a limitar, controlar o impedir ingresos económicos de una mujer, incluso el no pago contumaz de las obligaciones alimentarias, con el fin de menoscabar su autonomía(Ley 19.580)</p>
